. What is the units digit of (o/(-162))/(3/((-45)/(-2)))?
5
Suppose -s + j = -0*s + 194, -574 = 3*s + j. Suppose 561 = 3*d - 624. Let w = s + d. What is the tens digit of w?
0
Suppose -144 = -4*j + 2*z, 3*j - 2*z = -z + 109. Suppose -j*a + 19105 = 1197. What is the hundreds digit of a?
4
Suppose 13*z - 266 = -z. Suppose -z*o + 4213 = -8*o. What is the hundreds digit of o?
3
Let c = 1742 - -13127. What is the thousands digit of c?
4
Let j = -48 - -51. Suppose j*f + 5*o = 19, 0 = 2*f - 4*o - 2 + 4. Suppose -330 = -2*h + f*i - i, -2*h + 3*i = -327. What is the units digit of h?
8
Suppose -9*k = -25*k + 26179 + 72685. What is the hundreds digit of k?
1
Let a = 193 - 387. Let m = a + 650. What is the tens digit of m?
5
Let q(o) = -2*o**3 - 3*o + 1098. Let l be q(0). Suppose -2011 = -3*r + 4*k, 0 = -5*r - 3*k + 2244 + l. What is the units digit of r?
9
Let b(p) = 2*p**2 + 200*p - 62 + 36*p**2 - 183*p. What is the tens digit of b(4)?
1
What is the thousands digit of -10*(-2)/4 + (208 - -63643)?
3
Suppose 681*q = 689*q - 18160. What is the hundreds digit of q?
2
Let w(r) = -7*r**3 - 3*r - 2. Let x be w(-2). Let y(a) = -a**3 + 13*a**2 + 6*a - 21. Let v be y(13). Suppose v*b - x*b + 105 = 0. What is the tens digit of b?
3
Let y(n) = n + 1. Let k be (-37)/(-74) + (13/2 - -1). Let u be y(k). Suppose -60 = 5*z - u*z. What is the tens digit of z?
1
Let x(p) be the second derivative of -p**5/20 + p**4/12 - p**3/3 + 30*p**2 - 669*p. Suppose -2*o = n, 3*o = 3*n - 0*n. What is the tens digit of x(n)?
6
Let j be 1455*(35/15 + -1 + -1). Let o = 1058 - j. What is the hundreds digit of o?
5
Suppose 0 = 38*p - 355668 + 51136. What is the tens digit of p?
1
Let c(y) be the first derivative of -35*y**2 + 41*y + 24. Let h be c(-6). Let a = h + -267. What is the tens digit of a?
9
Let w = 776 + -771. Let g(j) = 7*j + 7. Let q be g(8). Suppose w*k - 347 - q = 0. What is the units digit of k?
2
Let w(v) = -4*v**2 - 6*v - 14. Let z be w(-2). What is the hundreds digit of 291 - (-8 - 0)/(z - -16)?
2
What is the thousands digit of 9062677/741 + (2 - (-8)/(-6))?
2
Suppose -16572 - 233108 = -80*d. What is the units digit of d?
1
Let j = 1788 + -304. Suppose -2*p - i = i - j, 1519 = 2*p - 5*i. What is the units digit of p?
7
Let a(f) = 8*f + 11. Let i be a(-21). Let x = 282 + i. What is the tens digit of x?
2
Let p(c) = -874*c - 2670. What is the hundreds digit of p(-13)?
6
Suppose -2*w + 2 = 0, -16*j + 69729 = -12*j + w. What is the ten thousands digit of j?
1
Suppose g = 4*o + 135, -7*g + 4*g + 3*o = -414. Let s = 704 + g. What is the units digit of s?
3
Let p(w) = -629*w + 6166 - 3085 - 3068. What is the thousands digit of p(-2)?
1
Suppose -42 - 48 = -6*n. Let q = n - 15. Suppose 3*h - 43 - 8 = q. What is the tens digit of h?
1
Let o be ((-35)/10 - -5)*292/3. Let x = o - 134. What is the hundreds digit of 4/x + 3/9*641?
2
Suppose -22*x + 126 = -31*x. What is the tens digit of (-10458)/x - (-6)/(-2)?
4
Suppose 27 = 4*p + 19. What is the units digit of (1 - 270/p)*-2?
8
Let l = -5554 - -28140. What is the units digit of l?
6
Let w be (-10)/(-4)*(-1 - -3). Suppose -w = -2*i + 15. Suppose 106 = -i*b + 12*b. What is the tens digit of b?
5
Let z be 5/((-5)/(-7)) + 6/(-6). Suppose 937 = z*c - 143. What is the tens digit of c?
8
Suppose 3*t + 3*t - 27214 - 37598 = 0. What is the ten thousands digit of t?
1
Let x(g) = g**3 - 4*g**2 - 13*g + 6. Let f be (-3)/1 - (-36)/4. Let p be x(f). Suppose -u - y - 4*y + 78 = p, 5*y + 234 = 3*u. What is the units digit of u?
8
Suppose 0 = 6*x - 5*x - 2200. Suppose -3*q - 8*q + x = 0. What is the hundreds digit of q?
2
Let w = 8335 - -2085. What is the hundreds digit of w?
4
Let i(x) = x**3 + 17 - x**2 - 16*x + 26*x - 11*x + 4*x**2. Let c be i(-6). Let p = 84 - c. What is the hundreds digit of p?
1
Let z be -6*(0 + 0 + -1). Let w(j) = -j**3 - 5*j**2 + 266*j + 21. Let g be w(-19). What is the tens digit of (-4)/z + 665/g + -3?
2
Let d(y) = 8689*y**2 - 21*y + 21. What is the units digit of d(1)?
9
Suppose 38*k - 59*k + 199374 = 0. What is the hundreds digit of k?
4
Let g(w) = w**2 - w + 1. Let m be g(5). Let f = 17 - m. What is the units digit of (3 - 3 - -49) + f?
5
Let k(d) = 3*d**2 - 90*d - 1373. What is the units digit of k(-35)?
2
Suppose -4*g + k = 1081, g + 0*k - 2*k + 272 = 0. Let u = g + 631. Suppose u = -9*s + 1000. What is the units digit of s?
1
Suppose -49*o + 490542 + 714312 + 1090404 = 0. What is the tens digit of o?
4
What is the ten thousands digit of -2060*((-2)/(-12) - ((-78)/(-9) - -1))?
1
Let f = -5 + 9. Suppose -6*j = -f*j - 6. Suppose -g + 4*g - 5*h = 122, 0 = -j*g - 2*h + 115. What is the units digit of g?
9
Let a = 13495 - 9515. What is the hundreds digit of a?
9
Let z(a) = a**3 - 9*a**2 + 5*a - 29. Let j be z(9). Suppose 9*x - 42 = j*x. What is the units digit of (-9 + -9)/(x/4)*12?
4
Suppose -2*l = 5*p - 27335, -74818 + 6434 = -5*l + 3*p. What is the hundreds digit of l?
6
Suppose 0 = 71*j - 895562 - 1803787. What is the units digit of j?
9
Let v = 57309 - 24873. What is the thousands digit of v?
2
Let q(k) = -45*k**2 - 401*k - 17. What is the units digit of q(-8)?
1
Let m(v) = -v**3 + 10*v**2 - v + 1. Let h = 39 + -30. Let d be m(h). Let k = d - 1. What is the units digit of k?
2
Suppose -4*g - 5*d = -1, 2*g - 2*d = 3*g - 1. What is the hundreds digit of 3*(0 + -151)*g?
4
What is the units digit of (14/(-70))/((-2)/35470)?
7
Suppose 73*b = 71*b - 10, 4*b + 11964 = c. What is the units digit of c?
4
What is the tens digit of -186*750/100*(-36)/10?
2
Let t = -205 - -193. What is the hundreds digit of ((-218)/t)/(-8*2/(-96))?
1
Let d(c) = -c**3 + 6*c**2 + 11*c - 14. Let y be d(7). Suppose -y = 8*u - 30. What is the tens digit of (-191)/u*(3 + -2 + -3)?
9
Suppose -2*i = -2*p + 124926, -562153 = 556*p - 565*p + 2*i. What is the thousands digit of p?
2
Suppose r + 2*b - 10 = 6*b, -2*r + 7 = 5*b. Let t(m) = 6*m**3 - 2*m + 26. Let k be t(r). Suppose 0 = 9*h + 23 - k. What is the units digit of h?
3
Let b(v) = 49*v**3 + 11*v**2 - 20*v - 7. What is the units digit of b(5)?
3
Suppose 19 = -g - 18. Let o = g - -103. What is the units digit of o?
6
Let r(j) be the third derivative of j**4/8 - 25*j**3/6 - 4*j**2. Let c be r(8). What is the tens digit of (24/6)/((-11)/13 - c)?
2
Let w = -2978 - -5646. What is the tens digit of w?
6
Let w = 5347 + -3026. What is the hundreds digit of w?
3
Let u = 69532 - 29272. What is the ten thousands digit of u?
4
Let r(y) be the second derivative of 11*y**4/12 - y**3/3 - 37*y**2/2 - 37*y. What is the units digit of r(-6)?
1
Let f(x) = 82*x**2 - 28*x - 132. What is the ten thousands digit of f(-11)?
1
Let g = 176 - 55. Let c = -842 + 845. Suppose -m = -4*r - 52, 35 = -c*m - 2*r + g. What is the units digit of m?
2
Let s(h) = -h**3 + 20*h**2 - 4*h + 14. Let a be (40/(-5))/(-4)*(6 - 2). What is the units digit of s(a)?
0
Let k(r) = 3*r - 21. Let i be k(13). Suppose -i = 5*p - 2*p. What is the tens digit of 27/p*(2 + -10*1)?
3
Let d(j) = 14*j - 16. Suppose 15*z = 21*z - 18. Let w be ((2 - z) + -7)*(-6 - -5). What is the units digit of d(w)?
6
What is the thousands digit of (1 - (-66462)/30)/((-10)/(-25))?
5
Let r be (-7165)/6 + 1/6. Let d = 1800 + r. What is the hundreds digit of d?
6
Suppose -42*m = -975501 - 13935. What is the hundreds digit of m?
5
Let h(m) = -4*m**3 - 7*m**2 - 15*m - 21. Let f(l) = 7*l + 38. Let p be f(-6). What is the tens digit of h(p)?
8
What is the hundreds digit of 14/8*48*(-5129)/(-92)?
6
Suppose -3*r + 10 = -5*r, 5*p - 3*r - 15 = 0. Suppose p = 9*u + 735 - 3345. What is the hundreds digit of u?
2
Let t = 411 - 406. Suppose 0 = 2*q - 2*u - 362, t*q - 724 = q - u. What is the hundreds digit of q?
1
Suppose 60 = -46*x + 61*x. What is the tens digit of (-1 + x + -2)/((-1)/(-350))?
5
Let k(m) = 124*m**3 + 1 + 1 + 58*m + 2*m**2 - 61*m. What is the hundreds digit of k(1)?
1
Let p = -41265 - -73785. What is the hundreds digit of p?
5
What is the units digit of 121430/7 - ((-66)/(-266) + 80/(-760))?
7
Let h(w) = -2*w**2 + 2*w - 3. Let m be h(3). Let i = -13 - m. Suppose -i*b = -4*b + 2*c + 184, 178 = 2*b - 4*c. What is the units digit of b?
5
Suppose 30*o + 12483940 = 76*o + 184*o. What is the hundreds digit of o?
2
Let x(n) = -n**3 - 3*n**2 + 6*n + 27. Let h = -22 - -16. Let r be 